o - 4. Let q be v(5). Calculate the highest common factor of q and z.
1
Let m = 112 + -97. What is the highest common factor of 645 and m?
15
Let i(u) = u**3 + 3*u**2 - 2. Let n be i(-2). Suppose -n*v + 6 = -0*v. Suppose 2*f = -v*f + 810. Calculate the highest common divisor of 18 and f.
18
Suppose -l - 2 = 2, 2*l = -2*q + 168. Suppose 8*o - 5*o + 3*k = 33, 2*o - 19 = -k. Calculate the greatest common factor of o and q.
8
Let q(w) = -9*w - 3. Let t(u) = 64*u + 22. Let d(x) = -44*q(x) - 6*t(x). Let o be d(2). Calculate the greatest common factor of 12 and o.
12
Let l be ((-80)/(-25))/(1/390). What is the greatest common divisor of 39 and l?
39
Let y = -30 + 114. Suppose 59*u = 62*u - y. What is the highest common divisor of u and 4?
4
Let o(j) = 2*j**2 + 14*j - 16. Let g be o(4). Calculate the highest common divisor of 90 and g.
18
Let w = 133 - -103. Let j = 835 - w. Suppose 5*u - 126 - j = 0. What is the greatest common factor of u and 29?
29
Let p = -232 - -254. Let t(u) = -3*u - 2. Let l(h) = -2*h - 1. Let f(m) = 9*l(m) - 4*t(m). Let c be f(-2). What is the highest common divisor of p and c?
11
Suppose 2*w - 3*w = 3*p - 2, 0 = 2*w - 2*p - 4. Suppose -w*t - 1 = -17. Calculate the greatest common factor of 64 and t.
8
Let d be 115/(37375/73060) + 1/5. Suppose -2*n + 12 = 46. Let u = 8 - n. Calculate the highest common factor of d and u.
25
Let j be (-17549)/(-207) + (-2)/(-9). Calculate the highest common divisor of j and 323.
17
Suppose 0 = -6*u + 14*u - 720. Calculate the greatest common divisor of 225 and u.
45
Let w = 9 + 3. Let i(p) = p + 21. Let l(x) = -8*x**2 + 2*x + 1. Let a be l(-1). Let o be i(a). Calculate the greatest common factor of o and w.
12
Suppose -5*h + 4*h + 20 = 0. Let x(o) = -o**2 + 21*o + 24. Let n be x(h). What is the greatest common divisor of 22 and n?
22
Let z(l) = -l**2 - 7*l - 3. Let m be z(-4). Suppose 0 = -k - h + m, -2*k - k - 5*h + 29 = 0. What is the highest common divisor of k and 16?
8
Let o be -1*(6 + -1)/(-10)*110. Suppose 16 = 4*d - 4. What is the highest common factor of o and d?
5
Suppose 3*k + 4*a = 14 + 22, 0 = -k - 5*a + 1. What is the highest common factor of 108 and k?
4
Suppose 0 = -5*x - 2*j + 311, -7*j + 242 = 4*x - 2*j. Let m(p) = p**3 - 9*p**2 + 2*p - 11. Let w be m(9). What is the highest common divisor of x and w?
7
Let a be (24/(-20))/(2/(-15)). Let i be 2/a - 364/(-63). Suppose -u + 4*q = 17, 5*u + 2*q = u + 22. What is the greatest common divisor of i and u?
3
Let d = 1448 + -1432. Calculate the highest common divisor of d and 68.
4
Let g(m) = m**3 + m**2 - 1. Let w(x) = x**3 - 12*x**2 - 8*x + 31. Let q(t) = 2*g(t) - w(t). Let v be q(-13). Calculate the greatest common divisor of v and 24.
8
Suppose -2*p = -287 - 513. What is the highest common divisor of p and 320?
80
Suppose 6*c - 4 = 2*c. Suppose c - 5 = -2*r. Suppose -z = -3*l + 2, -4*l - 4*z = -1 - 7. What is the greatest common factor of l and r?
1
Let y = 30 - -10. Let v = 39 - 34. Suppose -8 = -v*x + 42. What is the highest common divisor of y and x?
10
Suppose 2*b + 120 = 4*v, v - 27 = -0*v + 2*b. Let y = -30 + v. What is the highest common divisor of 11 and y?
1
Suppose -25 = 3*f + 38. Let p = -18 - f. Suppose -p*j = 5*b - 739, -8 = 5*b - 3. Calculate the greatest common divisor of 31 and j.
31
Let j = 58 - 55. Suppose -122 = -4*l + 3*v, -j = -l - 5*v + 16. Calculate the highest common divisor of l and 87.
29
Suppose 19 = x - 4*t - 7, 71 = x + 5*t. What is the highest common factor of 23 and x?
23
Let z(b) = 9*b - 5. Let x be z(0). Let d = x + 226. Calculate the greatest common factor of 17 and d.
17
Let n = 26 + -18. Let x(c) = 7*c**2 - 5*c - 8. Let b be x(-4). Let j = 180 - b. What is the greatest common divisor of j and n?
8
Let y = 210 - 190. What is the highest common divisor of y and 180?
20
Let h(f) = -61*f + 41. Let o be h(-3). What is the greatest common divisor of 56 and o?
56
Suppose 8*z + 1101 = 3509. What is the highest common divisor of z and 86?
43
Let f be (-4)/14 - 1782/(-63). Suppose -21 = -7*d + 2*d + 2*u, 4*d + 4*u = f. Calculate the greatest common factor of d and 35.
5
Let a be 3*((-9)/(27/(-8)) + 1). Calculate the greatest common divisor of 8 and a.
1
Let k(i) = -7*i**3 + 48*i**2 - 11*i - 4. Let p be k(5). What is the highest common divisor of p and 112?
14
Let p(z) = 4*z - 8. Let y be -2 + 21/4 + (-4)/16. Let s be p(y). What is the greatest common factor of 16 and s?
4
Let c(h) = -h**3 - 30*h**2 - 28*h + 71. Let m be c(-29). Calculate the highest common factor of 24 and m.
6
Suppose -j - 144 = -5*j. Let l be -2*(-1 + 0 - 1). What is the highest common divisor of j and l?
4
Let r(v) = 8*v**2 + 35*v + 10. Let c be r(-5). Calculate the greatest common divisor of c and 945.
35
Suppose 20 = 4*o + o. Suppose -o*x + 3*l - 2*l + 101 = 0, 4*l + 104 = 4*x. Calculate the greatest common factor of 10 and x.
5
Suppose -3*o + 3*a = 2*o - 55, 0 = -3*o + 3*a + 39. Let w be o/(-16)*2*(-8 + 1). Calculate the greatest common factor of 49 and w.
7
Let h be (-13 + 1)*2/(-3). Suppose 2*l + 62 = u - 10, 0 = -4*u - 2*l + 288. Calculate the greatest common divisor of u and h.
8
Let s = 1431 - 1322. What is the greatest common divisor of s and 218?
109
Let a = 56 - 53. Suppose -4*x + 96 = 4*h, a*h + 4*x = 8*x + 93. What is the greatest common factor of 3 and h?
3
Let x be 3/6 - (-30)/4. Suppose 280 = -v + x*v. Calculate the greatest common divisor of v and 8.
8
Suppose 657 = 30*n - 28*n - 5*i, 0 = 3*n - 4*i - 996. What is the highest common divisor of n and 48?
48
Let f be (10/(-25))/((-12)/390). Calculate the highest common divisor of f and 325.
13
Suppose 0 = -13*u + 24*u - 6061. Calculate the highest common factor of u and 29.
29
Suppose -14*n = -6*n - 1560. Calculate the greatest common factor of 12 and n.
3
Let s = 33 + -30. Suppose 35 = s*q - 13. Calculate the highest common factor of 16 and q.
16
Suppose -7*t - 25 = -12*t. Suppose -227 = -2*o - 2*f - 23, -3*o + 330 = -t*f. Calculate the highest common divisor of 15 and o.
15
Let y(l) = -3*l + 5. Let j be y(1). Calculate the highest common factor of 18 and j.
2
Suppose -9 + 3 = -3*x. Suppose -266 = -x*y - 1154. Let b = -257 - y. What is the highest common divisor of 17 and b?
17
Suppose 0 = -2*u - 17 + 57. Suppose -151 = -o - 11. Calculate the greatest common factor of o and u.
20
Suppose 67 = 2*q + 7. Calculate the greatest common divisor of 5 and q.
5
Let l(c) = -c**2 - 8*c - 11. Let m be l(-5). Let u be -7*(m - 13/3)*30. Calculate the highest common divisor of u and 175.
35
Let y(d) = 54 - d**2 + 20*d - 185 + 50 + 47. Let a be y(10). Calculate the highest common divisor of a and 22.
22
Let a(i) = i**3 + 15*i**2 + 11*i + 56. Let f be a(-14). What is the greatest common divisor of f and 784?
98
Let j(u) = 5*u - 4. Let v be (-10)/(-105)*-6*-7. Suppose -4*h + 16 = -4*x + x, -h = v*x - 4. Let g be j(h). What is the highest common factor of 4 and g?
4
Let d be (-1 + -2 + 13)/(4/48). What is the greatest common divisor of 120 and d?
120
Let t be 25 + ((-3)/(-6))/((-3)/(-6)). What is the highest common divisor of 78 and t?
26
Suppose 0 = 2*d + 378 + 314. Let g = -232 - d. Calculate the highest common factor of 38 and g.
38
Let v be (-2 + 3)/(((-10)/(-12))/5). What is the greatest common factor of 66 and v?
6
Suppose 0 + 4 = -4*o. Let g be ((-1)/(-2))/o*-4. Suppose 0 = 4*b + 12, 4*a + g*b = 2*a + 24. Calculate the highest common factor of 10 and a.
5
Suppose f - 2 - 13 = -3*d, -5*f - 5*d = -95. Let h(c) = c**3 + 12*c**2 + 5*c + 21. Let t be h(-7). Calculate the highest common factor of t and f.
21
Let o(n) = -7*n + 5. Let f be o(6). Let i = f + 24. Let d = i - -21. What is the greatest common divisor of 8 and d?
8
Let z = 11 - 9. Suppose -3*d - z = -d. Let g be d + (-5)/((-20)/352). What is the greatest common factor of 29 and g?
29
Let v be 3*3/(18/14). Suppose -64 = -v*t + 34. Let m = 306 - 180. What is the greatest common divisor of m and t?
14
Suppose -3*y + 9 + 6 = 0. Suppose 0 = y*l + 18 - 98. What is the greatest common divisor of l and 32?
16
Let v be 7 + -6 + 0 + 2. Suppose -v*k + 13 = -26. Let w = 246 + -142. Calculate the greatest common factor of k and w.
13
Let r(p) = 16*p - 712. Let l be r(52). What is the greatest common factor of 1500 and l?
60
Suppose -v = 